{"id":7,"date":"2020-11-02T01:39:16","date_gmt":"2020-11-02T01:39:16","guid":{"rendered":"https:\/\/kiecza.net\/zumseeblick\/listings\/"},"modified":"2020-11-10T04:19:09","modified_gmt":"2020-11-10T04:19:09","slug":"ferienwohnung","status":"publish","type":"page","link":"https:\/\/kiecza.net\/zumseeblick\/ferienwohnung\/","title":{"rendered":"Ferienwohnung"},"content":{"rendered":"<div class=\"boldgrid-section\">\n<div class=\"container\">\n<div class=\"row\">\n<div class=\"col-md-12 col-xs-12 col-sm-12\">\n<p class=\"\">Hier finden Sie Details zur Ferienwohnung, zu \u00f6rtlichen Dienstleistungen und weiteres.<\/p>\n<ol class=\"\">\n<li><a href=\"https:\/\/kiecza.net\/zumseeblick\/wohnung\/\">Wohnung<\/a> &#8211; Beschreibung der Ferienwohnung.<\/li>\n<li><a href=\"https:\/\/kiecza.net\/zumseeblick\/aussenbereich\/\">Au\u00dfenbereich<\/a> &#8211; Beschreibung des f\u00fcr Mieter zug\u00e4nglichen Au\u00dfenbereichs.<\/li>\n<li><a href=\"https:\/\/kiecza.net\/zumseeblick\/dienstleistungen\/\">\u00d6rtliche und Regionale Dienstleistungen<\/a> &#8211; Lebensmittelgesch\u00e4fte, Banken und anderer Dienstleistungseinrichtungen in \u00d6hningen und Umgebung.<\/li>\n<li><a href=\"https:\/\/kiecza.net\/zumseeblick\/preise\/\">Preise<\/a> &#8211; Preisliste <span id=\"tw-bil-st\" class=\"fJyiwb\">f\u00fcr<\/span> die Anmietung der Ferienwohnung.<\/li>\n<li><a href=\"https:\/\/kiecza.net\/zumseeblick\/anreise\/\">Anreise<\/a> &#8211; Routenbeschreibung nach \u00d6hningen (auch zum Ausdrucken geeignet).<\/li>\n<\/ol>\n<\/div>\n<\/div>\n<\/div>\n<\/div>\n","protected":false},"excerpt":{"rendered":"<p>Hier finden Sie Details zur Ferienwohnung, zu \u00f6rtlichen Dienstleistungen und weiteres. Wohnung &#8211; Beschreibung der Ferienwohnung. Au\u00dfenbereich &#8211; Beschreibung des f\u00fcr Mieter zug\u00e4nglichen Au\u00dfenbereichs. \u00d6rtliche und Regionale Dienstleistungen &#8211; Lebensmittelgesch\u00e4fte, Banken und anderer Dienstleistungseinrichtungen in \u00d6hningen und Umgebung. Preise &#8211; Preisliste f\u00fcr die Anmietung der Ferienwohnung. Anreise &#8211; Routenbeschreibung nach \u00d6hningen (auch zum Ausdrucken geeignet).<\/p>\n","protected":false},"author":1,"featured_media":0,"parent":0,"menu_order":0,"comment_status":"closed","ping_status":"closed","template":"","meta":{"bgseo_title":"","bgseo_description":"","bgseo_robots_index":"index","bgseo_robots_follow":"follow","footnotes":""},"class_list":["post-7","page","type-page","status-publish"],"_links":{"self":[{"href":"https:\/\/kiecza.net\/zumseeblick\/wp-json\/wp\/v2\/pages\/7","targetHints":{"allow":["GET"]}}],"collection":[{"href":"https:\/\/kiecza.net\/zumseeblick\/wp-json\/wp\/v2\/pages"}],"about":[{"href":"https:\/\/kiecza.net\/zumseeblick\/wp-json\/wp\/v2\/types\/page"}],"author":[{"embeddable":true,"href":"https:\/\/kiecza.net\/zumseeblick\/wp-json\/wp\/v2\/users\/1"}],"replies":[{"embeddable":true,"href":"https:\/\/kiecza.net\/zumseeblick\/wp-json\/wp\/v2\/comments?post=7"}],"version-history":[{"count":10,"href":"https:\/\/kiecza.net\/zumseeblick\/wp-json\/wp\/v2\/pages\/7\/revisions"}],"predecessor-version":[{"id":194,"href":"https:\/\/kiecza.net\/zumseeblick\/wp-json\/wp\/v2\/pages\/7\/revisions\/194"}],"wp:attachment":[{"href":"https:\/\/kiecza.net\/zumseeblick\/wp-json\/wp\/v2\/media?parent=7"}],"curies":[{"name":"wp","href":"https:\/\/api.w.org\/{rel}","templated":true}]}}