{"id":59,"date":"2020-11-02T02:03:45","date_gmt":"2020-11-02T02:03:45","guid":{"rendered":"https:\/\/kiecza.net\/zumseeblick\/?page_id=59"},"modified":"2020-11-10T04:08:59","modified_gmt":"2020-11-10T04:08:59","slug":"kinder","status":"publish","type":"page","link":"https:\/\/kiecza.net\/zumseeblick\/kinder\/","title":{"rendered":"F\u00fcr Kinder"},"content":{"rendered":"<div class=\"boldgrid-section\">\n<div class=\"container\">\n<div class=\"row\">\n<div class=\"col-md-12 col-xs-12 col-sm-12\">\n<p class=\"\">Die folgende Liste bietet Ihnen Anregung f\u00fcr Tagestrips, die vor allem f\u00fcr Ihre Kinder viel Spa\u00df versprechen.<\/p>\n<\/div>\n<\/div>\n<div class=\"row\" style=\"padding-bottom: 16px;\">\n<div class=\"col-md-12 col-xs-12 col-sm-12\">Die Liste ist nach zunehmender Entfernung von unserer Ferienwohnung sortiert. Klicken Sie auf das Wort Karte hinter einem Eintrag, um ihn auf der Landkarte zu sehen (Google Maps). Alle Entfernungsangaben sind Sch\u00e4tzungen.<\/div>\n<\/div>\n<div class=\"row\">\n<div class=\"col-md-12 col-xs-12 col-sm-12\">\n<ul class=\"\">\n<li><a href=\"http:\/\/www.oehningen.de\/index.php?id=101\" target=\"_blank\" rel=\"noopener noreferrer\">Strandbad<\/a>, <em>\u00d6hningen<\/em>&nbsp;ca. 800 m,&nbsp;<a href=\"http:\/\/maps.google.de\/maps?f=q&amp;hl=de&amp;geocode=&amp;q=Rheinstra%C3%9Fe,+78337+%C3%96hningen+(Strandbad+%C3%96hningen)&amp;sll=47.657352,8.8853&amp;sspn=0.010478,0.018818&amp;ie=UTF8&amp;ll=47.655589,8.889978&amp;spn=0.010479,0.018818&amp;z=16&amp;iwloc=addr\" target=\"_blank\" rel=\"noopener noreferrer\">Karte<\/a><\/li>\n<li><a href=\"http:\/\/home.datacomm.ch\/slb\/\" target=\"_blank\" rel=\"noopener noreferrer\">Steiner Liliputbahn AG<\/a>&nbsp;(Miniatureisenbahn),&nbsp;<em>Stein am Rhein, Schweiz<\/em>&nbsp;ca. 2,9 km,&nbsp;<a href=\"http:\/\/maps.google.de\/maps?f=q&amp;hl=de&amp;geocode=&amp;q=Untertor+2,+8260+Stein+am+Rhein&amp;sll=47.652061,8.852049&amp;sspn=0.020959,0.037637&amp;ie=UTF8&amp;ll=47.661139,8.863006&amp;spn=0.020955,0.037637&amp;z=15&amp;iwloc=cent\" target=\"_blank\" rel=\"noopener noreferrer\">Karte<\/a><\/li>\n<li><a href=\"http:\/\/www.tropilua.de\/\" target=\"_blank\" rel=\"noopener noreferrer\">Tropilua<\/a>,&nbsp;<em>Hilzingen<\/em>, ca. 18 km,<a href=\"http:\/\/maps.google.de\/maps?q=Tropilua,+Am+Eglental,+Hilzingen&amp;hl=de&amp;ie=UTF8&amp;ll=47.786864,8.758163&amp;spn=0.3354,0.501251&amp;sll=47.771176,8.99437&amp;sspn=0.335502,0.501251&amp;hq=Tropilua,+Am+Eglental,&amp;hnear=Hilzingen,+Baden-W%C3%BCrttemberg&amp;t=m&amp;z=11&amp;iwloc=A\" target=\"_blank\" rel=\"noopener noreferrer\">Karte<\/a><\/li>\n<li><a href=\"http:\/\/www.berolino-kinderwelt.de\/\" target=\"_blank\" rel=\"noopener noreferrer\">Berolino Kinderwelten<\/a>,&nbsp;<em>Steisslingen<\/em>&nbsp;ca. 18 km,&nbsp;<a href=\"http:\/\/maps.google.de\/maps?f=l&amp;hl=de&amp;q=BEROLINO-Kinderwelt,&amp;sll=47.969538,9.064711&amp;sspn=0.666597,1.204376&amp;ie=UTF8&amp;cd=1&amp;near=Zeppelinstra%C3%9Fe,+78256+Stei%C3%9Flingen,+Konstanz,+Baden-W%C3%BCrttemberg,+Deutschland&amp;geocode=Fcb-2AIdXQGIAA&amp;ll=47.770253,8.99437&amp;spn=0.334585,0.602188&amp;z=11&amp;iwloc=A\" target=\"_blank\" rel=\"noopener noreferrer\">Karte<\/a><\/li>\n<li><a href=\"http:\/\/www.wildundfreizeitpark.de\/\" target=\"_blank\" rel=\"noopener noreferrer\">Wild- und Freizeitpark<\/a>,&nbsp;<em>Allensbach am Bodensee<\/em>&nbsp;ca. 22 km,&nbsp;<a href=\"http:\/\/maps.google.de\/maps?f=q&amp;hl=de&amp;geocode=&amp;q=Wild%E2%80%93+und+Freizeitpark+Allensbach+GmbH+Gemeinm%C3%A4rk+7+78476+Allensbach+&amp;sll=47.655589,8.889978&amp;sspn=0.010479,0.018818&amp;ie=UTF8&amp;ll=47.737476,9.012222&amp;spn=0.334795,0.602188&amp;z=11&amp;iwloc=A\" target=\"_blank\" rel=\"noopener noreferrer\">Karte<\/a><\/li>\n<li><a href=\"http:\/\/www.connyland.ch\/\" target=\"_blank\" rel=\"noopener noreferrer\">Freizeitpark Connyland<\/a>,&nbsp;<em><span class=\"adr\"><span class=\"locality\">Lipperswil<\/span><\/span>, Schweiz<\/em>&nbsp;ca. 24 km,&nbsp;<a href=\"http:\/\/maps.google.de\/maps?f=q&amp;hl=de&amp;geocode=&amp;q=Connylandstra%C3%9Fe+-+CH-8564+Lipperswil&amp;sll=47.223654,8.822155&amp;sspn=0.010565,0.018818&amp;ie=UTF8&amp;ll=47.614727,9.055824&amp;spn=0.167792,0.301094&amp;z=12&amp;iwloc=addr\" target=\"_blank\" rel=\"noopener noreferrer\">Karte<\/a><\/li>\n<li><a href=\"http:\/\/www.technorama.ch\/\" target=\"_blank\" rel=\"noopener noreferrer\">Technorama<\/a>,&nbsp;<em>Winterthur, Schweiz<\/em>&nbsp;ca. 29 km,&nbsp;<a href=\"http:\/\/maps.google.de\/maps?f=q&amp;hl=de&amp;geocode=&amp;q=Technorama,+Technoramastrasse+1,+CH-8404+Winterthur&amp;sll=47.658913,9.178305&amp;sspn=0.041913,0.075274&amp;ie=UTF8&amp;ll=47.623752,8.817215&amp;spn=0.335526,0.602188&amp;z=11&amp;iwloc=A\" target=\"_blank\" rel=\"noopener noreferrer\">Karte<\/a><\/li>\n<li><a href=\"http:\/\/www.sealifeeurope.com\/local\/index.php?loc=konstanz\" target=\"_blank\" rel=\"noopener noreferrer\">Sealife<\/a>,&nbsp;<em>Konstanz<\/em>&nbsp;ca. 38 km,&nbsp;<a href=\"http:\/\/maps.google.de\/maps?f=q&amp;hl=de&amp;geocode=&amp;q=Hafenstr.+9,+78462+Konstanz&amp;sll=47.73604,9.125775&amp;sspn=0.334804,0.602188&amp;ie=UTF8&amp;ll=47.658913,9.178305&amp;spn=0.041913,0.075274&amp;z=14&amp;iwloc=r0\" target=\"_blank\" rel=\"noopener noreferrer\">Karte<\/a><\/li>\n<li><a href=\"http:\/\/www.affenberg-salem.de\/\" target=\"_blank\" rel=\"noopener noreferrer\">Affenberg<\/a>,&nbsp;<em>Salem<\/em>&nbsp;ca. 58 km,&nbsp;<a href=\"http:\/\/maps.google.de\/maps?f=q&amp;hl=de&amp;geocode=&amp;q=Affenberg+Salem+Mendlishausen+GmbH+88682+Salem&amp;ie=UTF8&amp;ll=47.761715,9.223709&amp;spn=0.16732,0.301094&amp;z=12&amp;iwloc=A\" target=\"_blank\" rel=\"noopener noreferrer\">Karte<\/a><\/li>\n<li><a href=\"http:\/\/www.ravensburger.de\/spielelandL\/\" target=\"_blank\" rel=\"noopener noreferrer\">Ravensburger Spieleland<\/a>,&nbsp;<em>Meckenbeuren<\/em>&nbsp;ca. 80 km,&nbsp;<a href=\"http:\/\/maps.google.de\/maps?f=q&amp;hl=de&amp;geocode=&amp;q=Am+Hangenwald+1,+88074+Meckenbeuren&amp;sll=47.85533,9.609604&amp;sspn=0.334035,0.602188&amp;ie=UTF8&amp;ll=47.71623,9.360352&amp;spn=0.669862,1.204376&amp;z=10&amp;iwloc=r0\" target=\"_blank\" rel=\"noopener noreferrer\">Karte<\/a><\/li>\n<li><a href=\"http:\/\/www.knieskinderzoo.ch\/\" target=\"_blank\" rel=\"noopener noreferrer\">Knies Kinderzoo<\/a>,&nbsp;<em>Rapperswil, Schweiz<\/em>&nbsp;ca. 81 km,&nbsp;<a href=\"http:\/\/maps.google.de\/maps?f=q&amp;hl=de&amp;geocode=&amp;q=Knies+Kinderzoo,+Oberseestrasse,+8640+Rapperswil&amp;sll=47.735385,9.2326&amp;sspn=0.669612,1.204376&amp;ie=UTF8&amp;ll=47.449451,8.776703&amp;spn=0.673284,1.204376&amp;z=10&amp;iwloc=addr\" target=\"_blank\" rel=\"noopener noreferrer\">Karte<\/a><\/li>\n<li><a href=\"http:\/\/www.europapark.de\/\" target=\"_blank\" rel=\"noopener noreferrer\">Europapark<\/a>,&nbsp;<em>Rust<\/em>&nbsp;ca. 153 km,&nbsp;<a href=\"http:\/\/maps.google.de\/maps?f=q&amp;hl=de&amp;geocode=&amp;q=Europa-Park-Str.+1,+77977+Rust&amp;sll=48.253941,7.940369&amp;sspn=1.325833,2.408752&amp;ie=UTF8&amp;ll=48.257599,8.105164&amp;spn=1.325738,2.408752&amp;z=9&amp;iwloc=r0\" target=\"_blank\" rel=\"noopener noreferrer\">Karte<\/a><\/li>\n<li><a href=\"http:\/\/www.verkehrshaus.ch\/home\/home.htm\" target=\"_blank\" rel=\"noopener noreferrer\">Verkehrshaus<\/a>&nbsp;(Verkehrsmuseum),&nbsp;<em>Luzern, Schweiz<\/em>&nbsp;ca. 162 km,&nbsp;<a href=\"http:\/\/maps.google.de\/maps?f=q&amp;hl=de&amp;geocode=&amp;q=Verkehrshaus+der+Schweiz+Lidostrasse+5+CH-6006+Luzern&amp;sll=47.614727,9.055824&amp;sspn=0.167792,0.301094&amp;ie=UTF8&amp;ll=47.349989,8.692932&amp;spn=1.349105,2.408752&amp;z=9\" target=\"_blank\" rel=\"noopener noreferrer\">Karte<\/a><\/li>\n<li>(siehe auch Alpamare und S\u00e4ntispark auf unserer&nbsp;<a href=\"index.php?option=com_content&amp;view=article&amp;id=53&amp;Itemid=62\">B\u00e4der<\/a>&nbsp;Seite)<\/li>\n<\/ul>\n<\/div>\n<\/div>\n<\/div>\n<\/div>\n","protected":false},"excerpt":{"rendered":"<p>Die folgende Liste bietet Ihnen Anregung f\u00fcr Tagestrips, die vor allem f\u00fcr Ihre Kinder viel Spa\u00df versprechen. Die Liste ist nach zunehmender Entfernung von unserer Ferienwohnung sortiert. Klicken Sie auf das Wort Karte hinter einem Eintrag, um ihn auf der Landkarte zu sehen (Google Maps). Alle Entfernungsangaben sind Sch\u00e4tzungen. Strandbad, \u00d6hningen&nbsp;ca. 800 m,&nbsp;Karte Steiner Liliputbahn [&hellip;]<\/p>\n","protected":false},"author":1,"featured_media":0,"parent":0,"menu_order":0,"comment_status":"closed","ping_status":"closed","template":"","meta":{"bgseo_title":"","bgseo_description":"","bgseo_robots_index":"index","bgseo_robots_follow":"follow","footnotes":""},"class_list":["post-59","page","type-page","status-publish"],"_links":{"self":[{"href":"https:\/\/kiecza.net\/zumseeblick\/wp-json\/wp\/v2\/pages\/59","targetHints":{"allow":["GET"]}}],"collection":[{"href":"https:\/\/kiecza.net\/zumseeblick\/wp-json\/wp\/v2\/pages"}],"about":[{"href":"https:\/\/kiecza.net\/zumseeblick\/wp-json\/wp\/v2\/types\/page"}],"author":[{"embeddable":true,"href":"https:\/\/kiecza.net\/zumseeblick\/wp-json\/wp\/v2\/users\/1"}],"replies":[{"embeddable":true,"href":"https:\/\/kiecza.net\/zumseeblick\/wp-json\/wp\/v2\/comments?post=59"}],"version-history":[{"count":5,"href":"https:\/\/kiecza.net\/zumseeblick\/wp-json\/wp\/v2\/pages\/59\/revisions"}],"predecessor-version":[{"id":187,"href":"https:\/\/kiecza.net\/zumseeblick\/wp-json\/wp\/v2\/pages\/59\/revisions\/187"}],"wp:attachment":[{"href":"https:\/\/kiecza.net\/zumseeblick\/wp-json\/wp\/v2\/media?parent=59"}],"curies":[{"name":"wp","href":"https:\/\/api.w.org\/{rel}","templated":true}]}}