{"id":5,"date":"2020-11-02T01:39:16","date_gmt":"2020-11-02T01:39:16","guid":{"rendered":"https:\/\/kiecza.net\/zumseeblick\/home\/"},"modified":"2020-11-10T04:29:07","modified_gmt":"2020-11-10T04:29:07","slug":"home","status":"publish","type":"page","link":"https:\/\/kiecza.net\/zumseeblick\/","title":{"rendered":"Home"},"content":{"rendered":"<div class=\"boldgrid-section\">\n<div class=\"container\">\n<div class=\"row\" style=\"padding-bottom: 5px;\">\n<div class=\"col-md-12 col-xs-12 col-sm-12\">\n<div class=\"\">\n<p class=\"\">Unsere Ferienwohnung befindet sich in \u00d6hningen am Bodensee.&nbsp; Das Haus ist zentral gelegen in \u00d6hningen \u2013 wenige Minuten vom Ortszentrum und ca. 200m vom See entfernt.&nbsp; Die Ferienwohnung ist im Dachgescho\u00df des Hauses mit sch\u00f6ner Sicht auf den Bodensee.<\/p>\n<\/div>\n<\/div>\n<\/div>\n<div class=\"row\" style=\"padding-top: 50px; padding-bottom: 9px;\">\n<div class=\"col-md-6 col-sm-6 col-xs-12\">\n<p class=\"\"><img loading=\"lazy\" decoding=\"async\" class=\"alignnone wp-image-89 \" src=\"https:\/\/kiecza.net\/zumseeblick\/wp-content\/uploads\/2020\/11\/haus-1.jpg\" alt=\"Haus\" width=\"549\" height=\"412\" srcset=\"https:\/\/kiecza.net\/zumseeblick\/wp-content\/uploads\/2020\/11\/haus-1.jpg 533w, https:\/\/kiecza.net\/zumseeblick\/wp-content\/uploads\/2020\/11\/haus-1-300x225.jpg 300w, https:\/\/kiecza.net\/zumseeblick\/wp-content\/uploads\/2020\/11\/haus-1-250x188.jpg 250w, https:\/\/kiecza.net\/zumseeblick\/wp-content\/uploads\/2020\/11\/haus-1-240x180.jpg 240w, https:\/\/kiecza.net\/zumseeblick\/wp-content\/uploads\/2020\/11\/haus-1-400x300.jpg 400w\" sizes=\"auto, (max-width: 549px) 100vw, 549px\" \/><\/p>\n<\/div>\n<div class=\"col-md-6 col-sm-6 col-xs-12\">\n<p class=\"\"><img loading=\"lazy\" decoding=\"async\" class=\"aligncenter wp-image-90 size-large\" src=\"https:\/\/kiecza.net\/zumseeblick\/wp-content\/uploads\/2020\/11\/oehningen2-1024x768.jpg\" alt=\"Oehningen\" width=\"1024\" height=\"768\" srcset=\"https:\/\/kiecza.net\/zumseeblick\/wp-content\/uploads\/2020\/11\/oehningen2-1024x768.jpg 1024w, https:\/\/kiecza.net\/zumseeblick\/wp-content\/uploads\/2020\/11\/oehningen2-300x225.jpg 300w, https:\/\/kiecza.net\/zumseeblick\/wp-content\/uploads\/2020\/11\/oehningen2-768x576.jpg 768w, https:\/\/kiecza.net\/zumseeblick\/wp-content\/uploads\/2020\/11\/oehningen2-250x188.jpg 250w, https:\/\/kiecza.net\/zumseeblick\/wp-content\/uploads\/2020\/11\/oehningen2-550x413.jpg 550w, https:\/\/kiecza.net\/zumseeblick\/wp-content\/uploads\/2020\/11\/oehningen2-800x600.jpg 800w, https:\/\/kiecza.net\/zumseeblick\/wp-content\/uploads\/2020\/11\/oehningen2-240x180.jpg 240w, https:\/\/kiecza.net\/zumseeblick\/wp-content\/uploads\/2020\/11\/oehningen2-400x300.jpg 400w, https:\/\/kiecza.net\/zumseeblick\/wp-content\/uploads\/2020\/11\/oehningen2-667x500.jpg 667w, https:\/\/kiecza.net\/zumseeblick\/wp-content\/uploads\/2020\/11\/oehningen2.jpg 1208w\" sizes=\"auto, (max-width: 1024px) 100vw, 1024px\" \/><\/p>\n<\/div>\n<\/div>\n<div class=\"row\">\n<div class=\"col-md-12 col-xs-12 col-sm-12\">\n<p class=\"\" style=\"padding: 0em;\">\u00d6hningen befindet sich im S\u00fcden Deutschlands in direkter Lage am Bodensee und neben der malerischen mittelalterlichen Stadt Stein am Rhein (CH).<\/p>\n<\/div>\n<\/div>\n<div class=\"row\">\n<div class=\"col-md-12 col-xs-12 col-sm-12\">\n<p class=\"mod-reset\"><img loading=\"lazy\" decoding=\"async\" class=\"aligncenter wp-image-92 \" src=\"https:\/\/kiecza.net\/zumseeblick\/wp-content\/uploads\/2020\/11\/europe.png\" alt=\"Europe\" width=\"679\" height=\"580\" srcset=\"https:\/\/kiecza.net\/zumseeblick\/wp-content\/uploads\/2020\/11\/europe.png 617w, https:\/\/kiecza.net\/zumseeblick\/wp-content\/uploads\/2020\/11\/europe-300x256.png 300w, https:\/\/kiecza.net\/zumseeblick\/wp-content\/uploads\/2020\/11\/europe-250x214.png 250w, https:\/\/kiecza.net\/zumseeblick\/wp-content\/uploads\/2020\/11\/europe-550x470.png 550w, https:\/\/kiecza.net\/zumseeblick\/wp-content\/uploads\/2020\/11\/europe-211x180.png 211w, https:\/\/kiecza.net\/zumseeblick\/wp-content\/uploads\/2020\/11\/europe-351x300.png 351w, https:\/\/kiecza.net\/zumseeblick\/wp-content\/uploads\/2020\/11\/europe-585x500.png 585w\" sizes=\"auto, (max-width: 679px) 100vw, 679px\" \/><\/p>\n<\/div>\n<\/div>\n<div class=\"row\" style=\"padding-top: 10px; padding-bottom: 10px;\">\n<div class=\"col-md-12 col-xs-12 col-sm-12\" style=\"text-align: center;\">\u00d6hningen liegt am westlichen Ende des Bodensees in unmittelbarer N\u00e4he des Rheinausflusses.<\/div>\n<\/div>\n<div class=\"row\">\n<div class=\"col-md-12 col-xs-12 col-sm-12\">\n<p class=\"mod-reset\"><img loading=\"lazy\" decoding=\"async\" class=\"aligncenter wp-image-95 \" src=\"https:\/\/kiecza.net\/zumseeblick\/wp-content\/uploads\/2020\/11\/bodensee-1024x603.png\" alt=\"Bodensee\" width=\"678\" height=\"399\" srcset=\"https:\/\/kiecza.net\/zumseeblick\/wp-content\/uploads\/2020\/11\/bodensee-1024x603.png 1024w, https:\/\/kiecza.net\/zumseeblick\/wp-content\/uploads\/2020\/11\/bodensee-300x177.png 300w, https:\/\/kiecza.net\/zumseeblick\/wp-content\/uploads\/2020\/11\/bodensee-768x452.png 768w, https:\/\/kiecza.net\/zumseeblick\/wp-content\/uploads\/2020\/11\/bodensee-250x147.png 250w, https:\/\/kiecza.net\/zumseeblick\/wp-content\/uploads\/2020\/11\/bodensee-550x324.png 550w, https:\/\/kiecza.net\/zumseeblick\/wp-content\/uploads\/2020\/11\/bodensee-800x471.png 800w, https:\/\/kiecza.net\/zumseeblick\/wp-content\/uploads\/2020\/11\/bodensee-306x180.png 306w, https:\/\/kiecza.net\/zumseeblick\/wp-content\/uploads\/2020\/11\/bodensee-510x300.png 510w, https:\/\/kiecza.net\/zumseeblick\/wp-content\/uploads\/2020\/11\/bodensee-850x500.png 850w, https:\/\/kiecza.net\/zumseeblick\/wp-content\/uploads\/2020\/11\/bodensee.png 1446w\" sizes=\"auto, (max-width: 678px) 100vw, 678px\" \/><\/p>\n<\/div>\n<\/div>\n<div class=\"row\" style=\"padding-top: 10px; padding-bottom: 10px;\">\n<div class=\"col-md-12 col-xs-12 col-sm-12\">\n<p class=\"\">Bitte benutzen Sie das Hauptmen\u00fc oben um sich \u00fcber unsere <a href=\"https:\/\/kiecza.net\/zumseeblick\/wohnung\/\">Ferienwohnung<\/a>, <a href=\"https:\/\/kiecza.net\/zumseeblick\/ohningen\/\">\u00d6hningen<\/a> und <a href=\"https:\/\/kiecza.net\/zumseeblick\/umgebung\/\">Umgebung<\/a>&nbsp;zu informieren.<\/p>\n<\/div>\n<\/div>\n<div class=\"row\" style=\"padding-top: 10px; padding-bottom: 10px;\">\n<div class=\"col-md-12 col-xs-12 col-sm-12\">\n<p class=\"\"><a href=\"https:\/\/kiecza.net\/zumseeblick\/kontakt-und-impressum\/\">Kontakt und Impressum <\/a>Informationen befinden sich <a href=\"https:\/\/kiecza.net\/zumseeblick\/kontakt-und-impressum\/\">hier<\/a>.<\/p>\n<\/div>\n<\/div>\n<div class=\"row\" style=\"padding-top: 20px;\">\n<div class=\"col-md-12 col-xs-12 col-sm-12\">\n<p class=\"\">Externer Link:<\/p>\n<div>\n<p class=\"\">Tipps und Informationen rund um den <a class=\"\" style=\"background-color: #ffffff;\" title=\"Bodensee\" href=\"http:\/\/www.bodenseeferien.de\/\" target=\"_blank\" rel=\"noopener noreferrer\"><strong>Bodensee<\/strong><\/a>: Regionen und Orte, Freizeittipps und ein umfangreicher Veranstaltungskalender runden den Service ab.<\/p>\n<\/div>\n<\/div>\n<\/div>\n<\/div>\n<\/div>\n","protected":false},"excerpt":{"rendered":"<p>Unsere Ferienwohnung befindet sich in \u00d6hningen am Bodensee.&nbsp; Das Haus ist zentral gelegen in \u00d6hningen \u2013 wenige Minuten vom Ortszentrum und ca. 200m vom See entfernt.&nbsp; Die Ferienwohnung ist im Dachgescho\u00df des Hauses mit sch\u00f6ner Sicht auf den Bodensee. \u00d6hningen befindet sich im S\u00fcden Deutschlands in direkter Lage am Bodensee und neben der malerischen mittelalterlichen [&hellip;]<\/p>\n","protected":false},"author":1,"featured_media":0,"parent":0,"menu_order":0,"comment_status":"closed","ping_status":"closed","template":"page_home.php","meta":{"bgseo_title":"","bgseo_description":"","bgseo_robots_index":"index","bgseo_robots_follow":"follow","footnotes":""},"class_list":["post-5","page","type-page","status-publish"],"_links":{"self":[{"href":"https:\/\/kiecza.net\/zumseeblick\/wp-json\/wp\/v2\/pages\/5","targetHints":{"allow":["GET"]}}],"collection":[{"href":"https:\/\/kiecza.net\/zumseeblick\/wp-json\/wp\/v2\/pages"}],"about":[{"href":"https:\/\/kiecza.net\/zumseeblick\/wp-json\/wp\/v2\/types\/page"}],"author":[{"embeddable":true,"href":"https:\/\/kiecza.net\/zumseeblick\/wp-json\/wp\/v2\/users\/1"}],"replies":[{"embeddable":true,"href":"https:\/\/kiecza.net\/zumseeblick\/wp-json\/wp\/v2\/comments?post=5"}],"version-history":[{"count":9,"href":"https:\/\/kiecza.net\/zumseeblick\/wp-json\/wp\/v2\/pages\/5\/revisions"}],"predecessor-version":[{"id":193,"href":"https:\/\/kiecza.net\/zumseeblick\/wp-json\/wp\/v2\/pages\/5\/revisions\/193"}],"wp:attachment":[{"href":"https:\/\/kiecza.net\/zumseeblick\/wp-json\/wp\/v2\/media?parent=5"}],"curies":[{"name":"wp","href":"https:\/\/api.w.org\/{rel}","templated":true}]}}